{"id":1483,"date":"2024-02-13T10:54:43","date_gmt":"2024-02-13T09:54:43","guid":{"rendered":"https:\/\/sentinelleduvallespir.terremercatalanes.com\/reglamento-interno\/"},"modified":"2024-04-25T08:39:24","modified_gmt":"2024-04-25T06:39:24","slug":"reglamento-interno","status":"publish","type":"page","link":"https:\/\/sentinelleduvallespir.terremercatalanes.com\/es\/reglamento-interno\/","title":{"rendered":"Reglamento interno"},"content":{"rendered":"\t\t<div data-elementor-type=\"wp-page\" data-elementor-id=\"1483\" class=\"elementor elementor-1483 elementor-423\" data-elementor-post-type=\"page\">\n\t\t\t\t<div class=\"elementor-element elementor-element-b510e6c e-flex e-con-boxed e-con e-parent\" data-id=\"b510e6c\" data-element_type=\"container\">\n\t\t\t\t\t<div class=\"e-con-inner\">\n\t\t\t\t<div class=\"elementor-element elementor-element-f17ecf2 elementor-widget elementor-widget-heading\" data-id=\"f17ecf2\" data-element_type=\"widget\" data-widget_type=\"heading.default\">\n\t\t\t\t<div class=\"elementor-widget-container\">\n\t\t\t<style>\/*! elementor - v3.23.0 - 05-08-2024 *\/\n.elementor-heading-title{padding:0;margin:0;line-height:1}.elementor-widget-heading .elementor-heading-title[class*=elementor-size-]>a{color:inherit;font-size:inherit;line-height:inherit}.elementor-widget-heading .elementor-heading-title.elementor-size-small{font-size:15px}.elementor-widget-heading .elementor-heading-title.elementor-size-medium{font-size:19px}.elementor-widget-heading .elementor-heading-title.elementor-size-large{font-size:29px}.elementor-widget-heading .elementor-heading-title.elementor-size-xl{font-size:39px}.elementor-widget-heading .elementor-heading-title.elementor-size-xxl{font-size:59px}<\/style><h2 class=\"elementor-heading-title elementor-size-default\">Reglamento interno<\/h2>\t\t<\/div>\n\t\t\t\t<\/div>\n\t\t\t\t<div class=\"elementor-element elementor-element-aab1c3c elementor-widget elementor-widget-text-editor\" data-id=\"aab1c3c\" data-element_type=\"widget\" data-widget_type=\"text-editor.default\">\n\t\t\t\t<div class=\"elementor-widget-container\">\n\t\t\t<style>\/*! elementor - v3.23.0 - 05-08-2024 *\/\n.elementor-widget-text-editor.elementor-drop-cap-view-stacked .elementor-drop-cap{background-color:#69727d;color:#fff}.elementor-widget-text-editor.elementor-drop-cap-view-framed .elementor-drop-cap{color:#69727d;border:3px solid;background-color:transparent}.elementor-widget-text-editor:not(.elementor-drop-cap-view-default) .elementor-drop-cap{margin-top:8px}.elementor-widget-text-editor:not(.elementor-drop-cap-view-default) .elementor-drop-cap-letter{width:1em;height:1em}.elementor-widget-text-editor .elementor-drop-cap{float:left;text-align:center;line-height:1;font-size:50px}.elementor-widget-text-editor .elementor-drop-cap-letter{display:inline-block}<\/style>\t\t\t\t<p>Estimados invitados,<\/p>\n<p>Nos complace darte la bienvenida a \u00abLa sentinelle du Vallespir\u00bb, bed and breakfast, spa y sauna.<\/p>\n<p>Estaremos encantados de hablar contigo sobre la maravillosa regi\u00f3n en la que vivimos.<\/p>\n<p>No dudes en preguntarnos, haremos todo lo posible para aconsejarte sobre visitas, descubrimientos, actividades culturales o deportivas para disfrutar en nuestra regi\u00f3n.<\/p>\n<p>Las normas pueden parecer restrictivas, pero son necesarias para que todos disfruten al m\u00e1ximo de su estancia.<\/p>\n<ul>\n<li><strong>Protecci\u00f3n contra incendios<\/strong>:<\/li>\n<\/ul>\n<p>Como pre\u00e1mbulo, nos gustar\u00eda recordarte que nuestra casa est\u00e1 situada en una regi\u00f3n donde existe un alto riesgo de incendio.<\/p>\n<p>Por eso te pedimos que est\u00e9s alerta, ya que la prevenci\u00f3n es cosa de todos.<\/p>\n<p>En general, no se puede fumar en la propiedad, salvo en las zonas reservadas para fumadores, claramente se\u00f1alizadas como tales.<\/p>\n<p>Las colillas de cigarrillos y las cerillas no deben tirarse en ning\u00fan sitio que no sean los ceniceros de agua previstos para ello.<\/p>\n<ul>\n<li>La sentinelle du Vallespir no es un lugar p\u00fablico, por lo que no puedes invitar a terceros ni celebrar fiestas all\u00ed.<\/li>\n<\/ul>\n<ul>\n<li>S\u00f3lo acogemos a adolescentes mayores de 12 a\u00f1os para garantizar la paz y la tranquilidad de todos nuestros hu\u00e9spedes, y nos gustar\u00eda subrayar que la propiedad no es adecuada para ni\u00f1os.<\/li>\n<\/ul>\n<ul>\n<li>No se admiten animales de compa\u00f1\u00eda.<\/li>\n<\/ul>\n<ul>\n<li><strong>Bienvenida y salida :<\/strong><\/li>\n<\/ul>\n<p><strong> <\/strong><\/p>\n<p>Para que podamos acogerte en las mejores condiciones posibles, estamos disponibles entre las 16.00 y las 20.00 horas.<\/p>\n<p>Las llegadas tarde deben acordarse con antelaci\u00f3n por correo electr\u00f3nico o por tel\u00e9fono.<\/p>\n<p>El \u00faltimo d\u00eda de tu estancia, las salidas no deben ser posteriores a las 11 h.<\/p>\n<ul>\n<li><strong>Desayuno :<\/strong><\/li>\n<\/ul>\n<p>El desayuno se sirve bajo la p\u00e9rgola bioclim\u00e1tica, en el nivel del jard\u00edn, entre las 8.00 y las 10.00 h. Si lo solicitas, pueden servirse un poco antes si vas de excursi\u00f3n.<\/p>\n<p>Ponemos especial cuidado en preparar un desayuno completo y equilibrado utilizando productos locales, de temporada y ecol\u00f3gicos siempre que sea posible. Adem\u00e1s de una \u00abbase\u00bb com\u00fan: bebidas fr\u00edas y calientes, boller\u00eda, pan, mantequilla, mieles y mermeladas, cada noche te pediremos que elijas entre nuestra lista de platos salados o dulces, para garantizar una frescura \u00f3ptima y limitar el despilfarro.<\/p>\n<ul>\n<li><strong>Table d&#8217;h\u00f4tes (Licencia de explotaci\u00f3n con fecha de 05 de febrero de 2024):<\/strong><\/li>\n<\/ul>\n<p><strong> <\/strong><\/p>\n<p>Se puede organizar con 24 horas de antelaci\u00f3n una cena consistente en un entrante, un plato principal y un postre, acompa\u00f1ados de una copa de vino local a elegir (para adultos). La cena y las bebidas se pagan in situ.<\/p>\n<p>Horario: La comida se sirve entre las 19.00 y las 20.30 h.<\/p>\n<p>La cocina no est\u00e1 a disposici\u00f3n de los hu\u00e9spedes.<\/p>\n<ul>\n<li><strong>Los elementos comunes :<\/strong><\/li>\n<\/ul>\n<p><strong> <\/strong><\/p>\n<p>La Sentinelle du Vallespir est\u00e1 dise\u00f1ada para que aproveches al m\u00e1ximo la maravillosa luz, la tranquilidad y la naturaleza.<\/p>\n<p>Tienes acceso al gran sal\u00f3n con vistas a los Pirineos y al Canigou a cualquier hora del d\u00eda para leer o descansar (\u00a1o incluso trabajar!) siempre que sea tranquilo y sin ruidos, especialmente entre las 22 h y las 8 h.<\/p>\n<p>Los libros de las distintas bibliotecas (habitaciones, pasillo, sal\u00f3n) est\u00e1n a tu disposici\u00f3n. Tambi\u00e9n se pueden prestar, previa petici\u00f3n, diversos juegos de mesa.<\/p>\n<p>Tambi\u00e9n hay varias zonas al aire libre donde puedes relajarte y descansar:<\/p>\n<p>La terraza orientada al oeste de la planta baja dispone de sof\u00e1s (disponibles de 7.00 a 23.00 h), siempre que se cumplan las normas sobre ruidos.<\/p>\n<p>Tambi\u00e9n dispone de una zona para fumadores claramente identificada y accesible las 24 horas del d\u00eda.<\/p>\n<p>La Terraza de la Piscina, orientada al sur, con sus tumbonas y sus vistas de los Pirineos y las Alb\u00e8res (abierta de 9 a 23 h, a discreci\u00f3n).<\/p>\n<p>La casa y el jard\u00edn est\u00e1n conectados a WiFi por fibra.<\/p>\n<p>Nos gustar\u00eda recordarte que las descargas ilegales est\u00e1n prohibidas y que el acceso a sitios reprobables desde el punto de vista penal puede ser perseguido.<\/p>\n<p>Pedimos a nuestros hu\u00e9spedes que vistan decentemente en todo momento y que lleven calzado cuando utilicen las zonas comunes.<\/p>\n<p><strong>Equipamiento:<\/strong><\/p>\n<p><strong> <\/strong><\/p>\n<p><strong>Condiciones higi\u00e9nicas previas al uso del Spa, Sauna :  <\/strong><\/p>\n<p><strong> <\/strong><\/p>\n<p>Lleva ba\u00f1ador, d\u00fachate antes de usarlo y no te apliques protector solar antes de usarlo.<\/p>\n<p>El acceso al SPA es gratuito de 8.00 a 22.00 horas durante periodos de 30 minutos, y se puede concertar en privado con Marie.<\/p>\n<p>El acceso a la sauna es posible de 10 a 22 h en las mismas condiciones.<\/p>\n<p>Se trata de una sauna de infrarrojos que, como todas las saunas, no tiene contraindicaciones m\u00e9dicas.<\/p>\n<p>Es tu responsabilidad asegurarte de que no tienes ninguna contraindicaci\u00f3n y no nos hacemos responsables de ning\u00fan accidente.<\/p>\n<p>Si te invitamos a utilizar la piscina: est\u00e1 prohibido zambullirse, comer o beber en la piscina.<\/p>\n<p>Para que todo el mundo se relaje, te rogamos que te abstengas de gritar o interrumpir en la piscina o cerca de ella.<\/p>\n<p><strong>Las habitaciones  <\/strong><\/p>\n<p>Las habitaciones para no fumadores disponen de hervidor de agua, cafetera Nespresso y pantalla HD.<\/p>\n<p>Contamos contigo para que bajes el volumen despu\u00e9s de las 10 de la noche.<\/p>\n<p>Limpiamos tu habitaci\u00f3n y cambiamos las s\u00e1banas y las toallas cada vez que te registras.<\/p>\n<p>Para estancias m\u00e1s largas, ofrecemos como m\u00ednimo una limpieza intermedia despu\u00e9s de 3 noches para garantizarte la m\u00e1xima intimidad.<\/p>\n<p>Los clientes se comprometen a devolver las habitaciones en perfecto estado al final de su estancia, a declarar y pagar los desperfectos de los que sean responsables y a informar de cualquier aver\u00eda t\u00e9cnica.<\/p>\n<p>Tenemos nuestra propia microdepuradora, as\u00ed que es importante no tirar por el retrete nada que no sea papel higi\u00e9nico.<\/p>\n<p>Se te entregar\u00e1 un juego de llaves (habitaci\u00f3n\/balc\u00f3n\/mando a distancia de la puerta) a tu llegada; si las pierdes, se te cobrar\u00e1 un recargo de 60 euros sin IVA.<\/p>\n<p>Por razones de privacidad, te rogamos que no camines por el balc\u00f3n.<\/p>\n<\/p>\n<p><strong>Aparcamiento :<\/strong><\/p>\n<p>Cada habitaci\u00f3n dispone de una plaza de aparcamiento gratuita dentro de la propiedad.<\/p>\n<p><strong>Vigilancia a distancia, Seguridad :<\/strong><\/p>\n<p>La propiedad dispone de c\u00e1maras de vigilancia a distancia de las zonas comunes tanto interiores como exteriores.<\/p>\n<p>Todas las habitaciones tienen caja fuerte<\/p>\n<p>Sin embargo, como la propiedad no est\u00e1 vigilada, te aconsejamos que no dejes ning\u00fan objeto de valor en tu veh\u00edculo ni en tu habitaci\u00f3n mientras est\u00e9s fuera; declinamos toda responsabilidad en caso de robo o accidente ocurrido en la propiedad.<\/p>\n<p><strong>Carga de veh\u00edculos el\u00e9ctricos<\/strong><\/p>\n<p>Hay un punto de carga para veh\u00edculos el\u00e9ctricos (no incluido en el precio de la noche, facturado in situ por horas).<\/p>\n<p><strong>El futuro, el planeta :<\/strong><\/p>\n<p><strong> <\/strong>Nos preocupamos por la naturaleza y el futuro de nuestro planeta, y queremos ayudar a proteger el medio ambiente minimizando la huella de nuestra organizaci\u00f3n de acogida.<\/p>\n<p>Nuestros productos dom\u00e9sticos y alimenticios suelen ser ecol\u00f3gicos y\/o proceder de una cadena de suministro corta, y no est\u00e1n procesados.<\/p>\n<p>Con gestos sencillos se puede llegar muy lejos, y contamos contigo para que nos ayudes<\/p>\n<ul>\n<li>Evita dejar luces y aparatos el\u00e9ctricos encendidos innecesariamente,<\/li>\n<li>No dejes correr el agua y modera el caudal al ducharte<\/li>\n<li>Como el saneamiento se realiza mediante un sistema de depuraci\u00f3n por plantas, te rogamos que deseches el papel higi\u00e9nico <strong>s\u00f3lo <\/strong>en los WC. Los dem\u00e1s residuos se depositan en las papeleras correspondientes.<\/li>\n<li>Evita utilizar todas las toallas proporcionadas si realmente no las necesitas<\/li>\n<li>Utiliza el aire acondicionado de la habitaci\u00f3n con sensatez por la noche y ap\u00e1galo durante el d\u00eda cuando est\u00e9s fuera.<\/li>\n<\/ul>\n<p>Esperamos que disfrutes de tu estancia en el Sentinelle du Vallespir y quedamos a tu disposici\u00f3n para cualquier duda que tengas.<\/p>\n<p>Marie y Marc<\/p>\n\t\t\t\t\t\t<\/div>\n\t\t\t\t<\/div>\n\t\t\t\t\t<\/div>\n\t\t\t\t<\/div>\n\t\t\t\t<\/div>\n\t\t","protected":false},"excerpt":{"rendered":"<p>Reglamento interno Estimados invitados, Nos complace darte la bienvenida a \u00abLa sentinelle du Vallespir\u00bb, bed and breakfast, spa y sauna. Estaremos encantados de hablar contigo sobre la maravillosa regi\u00f3n en la que vivimos. No dudes en preguntarnos, haremos todo lo posible para aconsejarte sobre visitas, descubrimientos, actividades culturales o deportivas para disfrutar en nuestra regi\u00f3n. [&hellip;]<\/p>\n","protected":false},"author":1,"featured_media":0,"parent":0,"menu_order":0,"comment_status":"closed","ping_status":"closed","template":"elementor_header_footer","meta":{"footnotes":""},"class_list":["post-1483","page","type-page","status-publish","hentry"],"aioseo_notices":[],"_links":{"self":[{"href":"https:\/\/sentinelleduvallespir.terremercatalanes.com\/es\/wp-json\/wp\/v2\/pages\/1483","targetHints":{"allow":["GET"]}}],"collection":[{"href":"https:\/\/sentinelleduvallespir.terremercatalanes.com\/es\/wp-json\/wp\/v2\/pages"}],"about":[{"href":"https:\/\/sentinelleduvallespir.terremercatalanes.com\/es\/wp-json\/wp\/v2\/types\/page"}],"author":[{"embeddable":true,"href":"https:\/\/sentinelleduvallespir.terremercatalanes.com\/es\/wp-json\/wp\/v2\/users\/1"}],"replies":[{"embeddable":true,"href":"https:\/\/sentinelleduvallespir.terremercatalanes.com\/es\/wp-json\/wp\/v2\/comments?post=1483"}],"version-history":[{"count":1,"href":"https:\/\/sentinelleduvallespir.terremercatalanes.com\/es\/wp-json\/wp\/v2\/pages\/1483\/revisions"}],"predecessor-version":[{"id":1488,"href":"https:\/\/sentinelleduvallespir.terremercatalanes.com\/es\/wp-json\/wp\/v2\/pages\/1483\/revisions\/1488"}],"wp:attachment":[{"href":"https:\/\/sentinelleduvallespir.terremercatalanes.com\/es\/wp-json\/wp\/v2\/media?parent=1483"}],"curies":[{"name":"wp","href":"https:\/\/api.w.org\/{rel}","templated":true}]}}

<div data-elementor-type="wp-page" data-elementor-id="1483" class="elementor elementor-1483 elementor-423" data-elementor-post-type="page">
				<div class="elementor-element elementor-element-b510e6c e-flex e-con-boxed e-con e-parent" data-id="b510e6c" data-element_type="container">
					<div class="e-con-inner">
				<div class="elementor-element elementor-element-f17ecf2 elementor-widget elementor-widget-heading" data-id="f17ecf2" data-element_type="widget" data-widget_type="heading.default">
				<div class="elementor-widget-container">
			<style>/*! elementor - v3.23.0 - 05-08-2024 */
.elementor-heading-title{padding:0;margin:0;line-height:1}.elementor-widget-heading .elementor-heading-title[class*=elementor-size-]>a{color:inherit;font-size:inherit;line-height:inherit}.elementor-widget-heading .elementor-heading-title.elementor-size-small{font-size:15px}.elementor-widget-heading .elementor-heading-title.elementor-size-medium{font-size:19px}.elementor-widget-heading .elementor-heading-title.elementor-size-large{font-size:29px}.elementor-widget-heading .elementor-heading-title.elementor-size-xl{font-size:39px}.elementor-widget-heading .elementor-heading-title.elementor-size-xxl{font-size:59px}</style><h2 class="elementor-heading-title elementor-size-default">Reglamento interno</h2>		</div>
				</div>
				<div class="elementor-element elementor-element-aab1c3c elementor-widget elementor-widget-text-editor" data-id="aab1c3c" data-element_type="widget" data-widget_type="text-editor.default">
				<div class="elementor-widget-container">
			<style>/*! elementor - v3.23.0 - 05-08-2024 */
.elementor-widget-text-editor.elementor-drop-cap-view-stacked .elementor-drop-cap{background-color:#69727d;color:#fff}.elementor-widget-text-editor.elementor-drop-cap-view-framed .elementor-drop-cap{color:#69727d;border:3px solid;background-color:transparent}.elementor-widget-text-editor:not(.elementor-drop-cap-view-default) .elementor-drop-cap{margin-top:8px}.elementor-widget-text-editor:not(.elementor-drop-cap-view-default) .elementor-drop-cap-letter{width:1em;height:1em}.elementor-widget-text-editor .elementor-drop-cap{float:left;text-align:center;line-height:1;font-size:50px}.elementor-widget-text-editor .elementor-drop-cap-letter{display:inline-block}</style>				<p>Estimados invitados,</p>
<p>Nos complace darte la bienvenida a «La sentinelle du Vallespir», bed and breakfast, spa y sauna.</p>
<p>Estaremos encantados de hablar contigo sobre la maravillosa región en la que vivimos.</p>
<p>No dudes en preguntarnos, haremos todo lo posible para aconsejarte sobre visitas, descubrimientos, actividades culturales o deportivas para disfrutar en nuestra región.</p>
<p>Las normas pueden parecer restrictivas, pero son necesarias para que todos disfruten al máximo de su estancia.</p>
<ul>
<li><strong>Protección contra incendios</strong>:</li>
</ul>
<p>Como preámbulo, nos gustaría recordarte que nuestra casa está situada en una región donde existe un alto riesgo de incendio.</p>
<p>Por eso te pedimos que estés alerta, ya que la prevención es cosa de todos.</p>
<p>En general, no se puede fumar en la propiedad, salvo en las zonas reservadas para fumadores, claramente señalizadas como tales.</p>
<p>Las colillas de cigarrillos y las cerillas no deben tirarse en ningún sitio que no sean los ceniceros de agua previstos para ello.</p>
<ul>
<li>La sentinelle du Vallespir no es un lugar público, por lo que no puedes invitar a terceros ni celebrar fiestas allí.</li>
</ul>
<ul>
<li>Sólo acogemos a adolescentes mayores de 12 años para garantizar la paz y la tranquilidad de todos nuestros huéspedes, y nos gustaría subrayar que la propiedad no es adecuada para niños.</li>
</ul>
<ul>
<li>No se admiten animales de compañía.</li>
</ul>
<ul>
<li><strong>Bienvenida y salida :</strong></li>
</ul>
<p><strong> </strong></p>
<p>Para que podamos acogerte en las mejores condiciones posibles, estamos disponibles entre las 16.00 y las 20.00 horas.</p>
<p>Las llegadas tarde deben acordarse con antelación por correo electrónico o por teléfono.</p>
<p>El último día de tu estancia, las salidas no deben ser posteriores a las 11 h.</p>
<ul>
<li><strong>Desayuno :</strong></li>
</ul>
<p>El desayuno se sirve bajo la pérgola bioclimática, en el nivel del jardín, entre las 8.00 y las 10.00 h. Si lo solicitas, pueden servirse un poco antes si vas de excursión.</p>
<p>Ponemos especial cuidado en preparar un desayuno completo y equilibrado utilizando productos locales, de temporada y ecológicos siempre que sea posible. Además de una «base» común: bebidas frías y calientes, bollería, pan, mantequilla, mieles y mermeladas, cada noche te pediremos que elijas entre nuestra lista de platos salados o dulces, para garantizar una frescura óptima y limitar el despilfarro.</p>
<ul>
<li><strong>Table d&#8217;hôtes (Licencia de explotación con fecha de 05 de febrero de 2024):</strong></li>
</ul>
<p><strong> </strong></p>
<p>Se puede organizar con 24 horas de antelación una cena consistente en un entrante, un plato principal y un postre, acompañados de una copa de vino local a elegir (para adultos). La cena y las bebidas se pagan in situ.</p>
<p>Horario: La comida se sirve entre las 19.00 y las 20.30 h.</p>
<p>La cocina no está a disposición de los huéspedes.</p>
<ul>
<li><strong>Los elementos comunes :</strong></li>
</ul>
<p><strong> </strong></p>
<p>La Sentinelle du Vallespir está diseñada para que aproveches al máximo la maravillosa luz, la tranquilidad y la naturaleza.</p>
<p>Tienes acceso al gran salón con vistas a los Pirineos y al Canigou a cualquier hora del día para leer o descansar (¡o incluso trabajar!) siempre que sea tranquilo y sin ruidos, especialmente entre las 22 h y las 8 h.</p>
<p>Los libros de las distintas bibliotecas (habitaciones, pasillo, salón) están a tu disposición. También se pueden prestar, previa petición, diversos juegos de mesa.</p>
<p>También hay varias zonas al aire libre donde puedes relajarte y descansar:</p>
<p>La terraza orientada al oeste de la planta baja dispone de sofás (disponibles de 7.00 a 23.00 h), siempre que se cumplan las normas sobre ruidos.</p>
<p>También dispone de una zona para fumadores claramente identificada y accesible las 24 horas del día.</p>
<p>La Terraza de la Piscina, orientada al sur, con sus tumbonas y sus vistas de los Pirineos y las Albères (abierta de 9 a 23 h, a discreción).</p>
<p>La casa y el jardín están conectados a WiFi por fibra.</p>
<p>Nos gustaría recordarte que las descargas ilegales están prohibidas y que el acceso a sitios reprobables desde el punto de vista penal puede ser perseguido.</p>
<p>Pedimos a nuestros huéspedes que vistan decentemente en todo momento y que lleven calzado cuando utilicen las zonas comunes.</p>
<p><strong>Equipamiento:</strong></p>
<p><strong> </strong></p>
<p><strong>Condiciones higiénicas previas al uso del Spa, Sauna :  </strong></p>
<p><strong> </strong></p>
<p>Lleva bañador, dúchate antes de usarlo y no te apliques protector solar antes de usarlo.</p>
<p>El acceso al SPA es gratuito de 8.00 a 22.00 horas durante periodos de 30 minutos, y se puede concertar en privado con Marie.</p>
<p>El acceso a la sauna es posible de 10 a 22 h en las mismas condiciones.</p>
<p>Se trata de una sauna de infrarrojos que, como todas las saunas, no tiene contraindicaciones médicas.</p>
<p>Es tu responsabilidad asegurarte de que no tienes ninguna contraindicación y no nos hacemos responsables de ningún accidente.</p>
<p>Si te invitamos a utilizar la piscina: está prohibido zambullirse, comer o beber en la piscina.</p>
<p>Para que todo el mundo se relaje, te rogamos que te abstengas de gritar o interrumpir en la piscina o cerca de ella.</p>
<p><strong>Las habitaciones  </strong></p>
<p>Las habitaciones para no fumadores disponen de hervidor de agua, cafetera Nespresso y pantalla HD.</p>
<p>Contamos contigo para que bajes el volumen después de las 10 de la noche.</p>
<p>Limpiamos tu habitación y cambiamos las sábanas y las toallas cada vez que te registras.</p>
<p>Para estancias más largas, ofrecemos como mínimo una limpieza intermedia después de 3 noches para garantizarte la máxima intimidad.</p>
<p>Los clientes se comprometen a devolver las habitaciones en perfecto estado al final de su estancia, a declarar y pagar los desperfectos de los que sean responsables y a informar de cualquier avería técnica.</p>
<p>Tenemos nuestra propia microdepuradora, así que es importante no tirar por el retrete nada que no sea papel higiénico.</p>
<p>Se te entregará un juego de llaves (habitación/balcón/mando a distancia de la puerta) a tu llegada; si las pierdes, se te cobrará un recargo de 60 euros sin IVA.</p>
<p>Por razones de privacidad, te rogamos que no camines por el balcón.</p>
</p>
<p><strong>Aparcamiento :</strong></p>
<p>Cada habitación dispone de una plaza de aparcamiento gratuita dentro de la propiedad.</p>
<p><strong>Vigilancia a distancia, Seguridad :</strong></p>
<p>La propiedad dispone de cámaras de vigilancia a distancia de las zonas comunes tanto interiores como exteriores.</p>
<p>Todas las habitaciones tienen caja fuerte</p>
<p>Sin embargo, como la propiedad no está vigilada, te aconsejamos que no dejes ningún objeto de valor en tu vehículo ni en tu habitación mientras estés fuera; declinamos toda responsabilidad en caso de robo o accidente ocurrido en la propiedad.</p>
<p><strong>Carga de vehículos eléctricos</strong></p>
<p>Hay un punto de carga para vehículos eléctricos (no incluido en el precio de la noche, facturado in situ por horas).</p>
<p><strong>El futuro, el planeta :</strong></p>
<p><strong> </strong>Nos preocupamos por la naturaleza y el futuro de nuestro planeta, y queremos ayudar a proteger el medio ambiente minimizando la huella de nuestra organización de acogida.</p>
<p>Nuestros productos domésticos y alimenticios suelen ser ecológicos y/o proceder de una cadena de suministro corta, y no están procesados.</p>
<p>Con gestos sencillos se puede llegar muy lejos, y contamos contigo para que nos ayudes</p>
<ul>
<li>Evita dejar luces y aparatos eléctricos encendidos innecesariamente,</li>
<li>No dejes correr el agua y modera el caudal al ducharte</li>
<li>Como el saneamiento se realiza mediante un sistema de depuración por plantas, te rogamos que deseches el papel higiénico <strong>sólo </strong>en los WC. Los demás residuos se depositan en las papeleras correspondientes.</li>
<li>Evita utilizar todas las toallas proporcionadas si realmente no las necesitas</li>
<li>Utiliza el aire acondicionado de la habitación con sensatez por la noche y apágalo durante el día cuando estés fuera.</li>
</ul>
<p>Esperamos que disfrutes de tu estancia en el Sentinelle du Vallespir y quedamos a tu disposición para cualquier duda que tengas.</p>
<p>Marie y Marc</p>
						</div>
				</div>
					</div>
				</div>
				</div>

<p>Reglamento interno Estimados invitados, Nos complace darte la bienvenida a «La sentinelle du Vallespir», bed and breakfast, spa y sauna. Estaremos encantados de hablar contigo sobre la maravillosa región en la que vivimos. No dudes en preguntarnos, haremos todo lo posible para aconsejarte sobre visitas, descubrimientos, actividades culturales o deportivas para disfrutar en nuestra región. [&hellip;]</p>
